{"id":13,"date":"2020-03-22T11:46:22","date_gmt":"2020-03-22T10:46:22","guid":{"rendered":"http:\/\/www.finansus.pl\/finansus-dev\/?page_id=13"},"modified":"2020-04-06T11:39:38","modified_gmt":"2020-04-06T09:39:38","slug":"doradztwo-finansowe","status":"publish","type":"page","link":"https:\/\/www.finansus.pl\/finansus-dev\/doradztwo-finansowe\/","title":{"rendered":"Doradztwo finansowe"},"content":{"rendered":"\n<p>Doradztwo finansowe:<\/p>\n\n\n\n<ul><li><a href=\"https:\/\/www.finansus.pl\/finansus-dev\/doradztwo-finansowe\/prowadzenie-ksiag-rachunkowych\/\">Prowadzenie ksi\u0105g rachunkowych<\/a><\/li><li><a href=\"https:\/\/www.finansus.pl\/finansus-dev\/doradztwo-finansowe\/przeksztalcenia-i-rejestracja\/\">Przekszta\u0142cenia i rejestracja<\/a><\/li><li><a href=\"https:\/\/www.finansus.pl\/finansus-dev\/doradztwo-finansowe\/wycena-przedsiebiorstw\/\">Wycena przedsi\u0119biorstw<\/a><\/li><li><a href=\"https:\/\/www.finansus.pl\/finansus-dev\/doradztwo-finansowe\/kontrola-zarzadcza\/\">Kontrola zarz\u0105dcza<\/a><\/li><li><a href=\"https:\/\/www.finansus.pl\/finansus-dev\/doradztwo-finansowe\/opracowanie-polityki-rachunkowosci\/\">Opracowanie polityki rachunkowo\u015bci<\/a><\/li><li><a href=\"https:\/\/www.finansus.pl\/finansus-dev\/doradztwo-finansowe\/opracowanie-instrukcji-wewnetrznych\/\">Opracowanie instrukcji wewn\u0119trznych<\/a><\/li><li><a href=\"https:\/\/www.finansus.pl\/finansus-dev\/doradztwo-finansowe\/opinie-sadowe\/\">Opinie s\u0105dowe<\/a><\/li><li><a href=\"https:\/\/www.finansus.pl\/finansus-dev\/doradztwo-finansowe\/doradztwo-dla-branzy-budowlanej-i-deweloperskiej\/\">Doradztwo dla bran\u017cy budowlanej i deweloperskiej<\/a><\/li><\/ul>\n","protected":false},"excerpt":{"rendered":"<p>Doradztwo finansowe: Prowadzenie ksi\u0105g rachunkowych Przekszta\u0142cenia i rejestracja Wycena przedsi\u0119biorstw Kontrola zarz\u0105dcza Opracowanie polityki rachunkowo\u015bci Opracowanie instrukcji wewn\u0119trznych Opinie s\u0105dowe Doradztwo dla bran\u017cy budowlanej i deweloperskiej<\/p>\n","protected":false},"author":1,"featured_media":0,"parent":0,"menu_order":0,"comment_status":"closed","ping_status":"closed","template":"","meta":[],"_links":{"self":[{"href":"https:\/\/www.finansus.pl\/finansus-dev\/wp-json\/wp\/v2\/pages\/13"}],"collection":[{"href":"https:\/\/www.finansus.pl\/finansus-dev\/wp-json\/wp\/v2\/pages"}],"about":[{"href":"https:\/\/www.finansus.pl\/finansus-dev\/wp-json\/wp\/v2\/types\/page"}],"author":[{"embeddable":true,"href":"https:\/\/www.finansus.pl\/finansus-dev\/wp-json\/wp\/v2\/users\/1"}],"replies":[{"embeddable":true,"href":"https:\/\/www.finansus.pl\/finansus-dev\/wp-json\/wp\/v2\/comments?post=13"}],"version-history":[{"count":2,"href":"https:\/\/www.finansus.pl\/finansus-dev\/wp-json\/wp\/v2\/pages\/13\/revisions"}],"predecessor-version":[{"id":212,"href":"https:\/\/www.finansus.pl\/finansus-dev\/wp-json\/wp\/v2\/pages\/13\/revisions\/212"}],"wp:attachment":[{"href":"https:\/\/www.finansus.pl\/finansus-dev\/wp-json\/wp\/v2\/media?parent=13"}],"curies":[{"name":"wp","href":"https:\/\/api.w.org\/{rel}","templated":true}]}}