{"id":19,"date":"2020-03-22T11:47:33","date_gmt":"2020-03-22T10:47:33","guid":{"rendered":"http:\/\/www.finansus.pl\/finansus-dev\/?page_id=19"},"modified":"2020-05-20T12:15:49","modified_gmt":"2020-05-20T10:15:49","slug":"audyt-bezpieczenstwa-ksi","status":"publish","type":"page","link":"https:\/\/www.finansus.pl\/finansus-dev\/audyt\/audyt-bezpieczenstwa-ksi\/","title":{"rendered":"Audyt bezpiecze\u0144stwa KRI"},"content":{"rendered":"\n<p><strong>FINANSUS Sp. J. oferuje Pa\u0144stwu wype\u0142nienie obowi\u0105zku zawartego w rozporz\u0105dzeniu w sprawie KRI w postaci sprawdzenia spe\u0142nienia wymaga\u0144 zawartych w \u00a7 20 ust. 2 rozporz\u0105dzenia w spos\u00f3b jak najmniej uci\u0105\u017cliwy dla funkcjonowania Pa\u0144stwa Jednostki<\/strong><\/p>\n\n\n\n<p><strong>Cel audytu KRI<\/strong><strong><\/strong><\/p>\n\n\n\n<ul><li><strong>Spe\u0142nienie obowi\u0105zku wynikaj\u0105cego z rozporz\u0105dzeniu w sprawie KRI z dnia 12 kwietnia 2012 r. w sprawie Krajowych Ram Interoperacyjno\u015bci, minimalnych wymaga\u0144 dla rejestr\u00f3w publicznych i wymiany informacji w&nbsp;postaci elektronicznej oraz minimalnych wymaga\u0144 dla system\u00f3w teleinformatycznych (Dz. U. poz. 526). Rozporz\u0105dzenie Rady Ministr\u00f3w z dnia nak\u0142ada na podmioty realizuj\u0105ce zadania publiczne obowi\u0105zek:<\/strong><\/li><\/ul>\n\n\n\n<ol type=\"1\"><li>przeprowadzania raz w roku audyt\u00f3w bezpiecze\u0144stwa informacji.<\/li><li>zabezpieczania system\u00f3w informatycznych s\u0142u\u017c\u0105cych do przetwarzania informacji oraz danych,<\/li><li>przeprowadzania szkole\u0144 z zakresu bezpiecze\u0144stwa,<\/li><li>wymiany danych z innymi systemami i kodowania znak\u00f3w,<\/li><li>dostosowania system\u00f3w do <a href=\"http:\/\/www.w3.org\/TR\/WCAG20\/\">standard\u00f3w WCAG2.0<\/a> (kwestia wi\u0119kszej dost\u0119pno\u015bci dla os\u00f3b niepe\u0142nosprawnych).<\/li><\/ol>\n\n\n\n<p><strong>Wype\u0142nienie tego obowi\u0105zku kontroluje min. <\/strong><a href=\"https:\/\/www.nik.gov.pl\/plik\/id,8126,vp,10155.pdf\"><strong>NIK<\/strong><\/a><\/p>\n\n\n\n<p><strong>Dla kogo jest audyt KRI?<\/strong><\/p>\n\n\n\n<ol type=\"1\"><li>organy administracji rz\u0105dowej, organ\u00f3w kontroli pa\u0144stwowej i ochrony prawa, s\u0105d\u00f3w, jednostek organizacyjnych prokuratury, a tak\u017ce jednostek samorz\u0105du terytorialnego i ich organ\u00f3w<\/li><li>jednostki bud\u017cetowe i samorz\u0105dowych zak\u0142ad\u00f3w bud\u017cetowych,<\/li><li>fundusze celowe,<\/li><li>samodzielne publiczne zak\u0142ady opieki zdrowotnej oraz sp\u00f3\u0142ki wykonuj\u0105ce dzia\u0142alno\u015b\u0107 lecznicz\u0105 w rozumieniu przepis\u00f3w o dzia\u0142alno\u015bci leczniczej,<\/li><li>Zak\u0142ad Ubezpiecze\u0144 Spo\u0142ecznych, Kasy Rolniczego Ubezpieczenia Spo\u0142ecznego,<\/li><li>Narodowy Fundusz Zdrowia,<\/li><li>pa\u0144stwowe lub samorz\u0105dowe osoby prawne utworzone na podstawie odr\u0119bnych ustaw w celu realizacji zada\u0144 publicznych \u2013 zwanych dalej \u201epodmiotami publicznymi\u201d.<\/li><li><strong>podmiot, kt\u00f3remu podmiot publiczny powierzy\u0142 lub zleci\u0142 realizacj\u0119 zadania publicznego<\/strong>, je\u017celi w zwi\u0105zku z realizacj\u0105 tego zadania istnieje obowi\u0105zek przekazywania informacji do lub od podmiot\u00f3w nieb\u0119d\u0105cych organami administracji rz\u0105dowej.<\/li><\/ol>\n\n\n\n<p><strong>\u00a0\u00a0\u00a0\u00a0\u00a0\u00a0\u00a0\u00a0\u00a0\u00a0\u00a0 Spos\u00f3b przeprowadzenia us\u0142ugi  <\/strong><\/p>\n\n\n\n<p><strong>W przypadku pierwszej oceny:<\/strong><\/p>\n\n\n\n<ul><li>przes\u0142anie drog\u0105 mailow\u0105 jednostce audytowanej wykazu dokument\u00f3w do wgl\u0105du dla audytor\u00f3w<\/li><li>wizyta audytor\u00f3w w Jednostce 1-2 dni<\/li><li>Po zapoznaniu si\u0119 z dokumentacj\u0105 zesp\u00f3\u0142 walidator\u00f3w przygotowuje sprawozdanie (raport), wskazuje potencjalne rozbie\u017cno\u015bci i propozycje programu poprawy jako\u015bci zale\u017cne od wynik\u00f3w oceny<\/li><\/ul>\n\n\n\n<p><strong>W przypadku corocznej oceny:<\/strong><\/p>\n\n\n\n<ul><li>Ocena przeprowadzona b\u0119dzie na podstawie materia\u0142\u00f3w przes\u0142anych drog\u0105 elektroniczn\u0105<\/li><li>Po zapoznaniu si\u0119 z dokumentacj\u0105 zesp\u00f3\u0142 walidator\u00f3w przygotowuje sprawozdanie (raport), wskazuje potencjalne rozbie\u017cno\u015bci i propozycje programu poprawy jako\u015bci zale\u017cne od wynik\u00f3w oceny<\/li><\/ul>\n\n\n\n<p><strong>Zach\u0119camy do wype\u0142nienia zapytania o ofert\u0119: ZAPYTANIE O OFERT\u0118<\/strong><\/p>\n\n\n\n<hr class=\"wp-block-separator\"\/>\n\n\n\n<p><\/p>\n","protected":false},"excerpt":{"rendered":"<p>FINANSUS Sp. J. oferuje Pa\u0144stwu wype\u0142nienie obowi\u0105zku zawartego w rozporz\u0105dzeniu w sprawie KRI w postaci sprawdzenia spe\u0142nienia wymaga\u0144 zawartych w \u00a7 20 ust. 2 rozporz\u0105dzenia w spos\u00f3b jak najmniej uci\u0105\u017cliwy dla funkcjonowania Pa\u0144stwa Jednostki Cel audytu KRI Spe\u0142nienie obowi\u0105zku wynikaj\u0105cego z rozporz\u0105dzeniu w sprawie KRI z dnia 12 kwietnia 2012 r. w sprawie Krajowych Ram Interoperacyjno\u015bci, minimalnych wymaga\u0144 dla rejestr\u00f3w publicznych i wymiany informacji w&nbsp;postaci elektronicznej oraz minimalnych wymaga\u0144 dla system\u00f3w teleinformatycznych (Dz. U. poz. 526). Rozporz\u0105dzenie Rady Ministr\u00f3w z dnia nak\u0142ada na podmioty realizuj\u0105ce zadania publiczne obowi\u0105zek: przeprowadzania raz w roku audyt\u00f3w bezpiecze\u0144stwa informacji. zabezpieczania system\u00f3w informatycznych s\u0142u\u017c\u0105cych do przetwarzania informacji oraz danych, przeprowadzania szkole\u0144 z zakresu bezpiecze\u0144stwa, wymiany danych z innymi systemami i kodowania znak\u00f3w, dostosowania system\u00f3w do standard\u00f3w WCAG2.0 (kwestia wi\u0119kszej dost\u0119pno\u015bci dla os\u00f3b niepe\u0142nosprawnych). Wype\u0142nienie tego obowi\u0105zku kontroluje min. NIK Dla kogo jest audyt KRI? organy administracji rz\u0105dowej, organ\u00f3w kontroli pa\u0144stwowej i ochrony prawa, s\u0105d\u00f3w, jednostek(&#8230;)<\/p>\n","protected":false},"author":1,"featured_media":0,"parent":15,"menu_order":1,"comment_status":"closed","ping_status":"closed","template":"","meta":[],"_links":{"self":[{"href":"https:\/\/www.finansus.pl\/finansus-dev\/wp-json\/wp\/v2\/pages\/19"}],"collection":[{"href":"https:\/\/www.finansus.pl\/finansus-dev\/wp-json\/wp\/v2\/pages"}],"about":[{"href":"https:\/\/www.finansus.pl\/finansus-dev\/wp-json\/wp\/v2\/types\/page"}],"author":[{"embeddable":true,"href":"https:\/\/www.finansus.pl\/finansus-dev\/wp-json\/wp\/v2\/users\/1"}],"replies":[{"embeddable":true,"href":"https:\/\/www.finansus.pl\/finansus-dev\/wp-json\/wp\/v2\/comments?post=19"}],"version-history":[{"count":10,"href":"https:\/\/www.finansus.pl\/finansus-dev\/wp-json\/wp\/v2\/pages\/19\/revisions"}],"predecessor-version":[{"id":300,"href":"https:\/\/www.finansus.pl\/finansus-dev\/wp-json\/wp\/v2\/pages\/19\/revisions\/300"}],"up":[{"embeddable":true,"href":"https:\/\/www.finansus.pl\/finansus-dev\/wp-json\/wp\/v2\/pages\/15"}],"wp:attachment":[{"href":"https:\/\/www.finansus.pl\/finansus-dev\/wp-json\/wp\/v2\/media?parent=19"}],"curies":[{"name":"wp","href":"https:\/\/api.w.org\/{rel}","templated":true}]}}