{"id":39,"date":"2020-03-28T12:31:51","date_gmt":"2020-03-28T11:31:51","guid":{"rendered":"http:\/\/www.finansus.pl\/finansus-dev\/?page_id=39"},"modified":"2020-04-02T16:41:32","modified_gmt":"2020-04-02T14:41:32","slug":"dr-jacek-kalinowski","status":"publish","type":"page","link":"https:\/\/www.finansus.pl\/finansus-dev\/wspolnicy\/dr-jacek-kalinowski\/","title":{"rendered":"dr Jacek Kalinowski"},"content":{"rendered":"\n<p style=\"font-size:18px\"><strong>dr Jacek Kalinowski<\/strong> <\/p>\n\n\n\n<p>    <strong>Adiunkt<\/strong> w Katedrze Rachunkowo\u015bci Wydzia\u0142u Zarz\u0105dzania Uniwersytetu \u0141\u00f3dzkiego oraz <strong>Pe\u0142nomocnik Rektora U\u0141 ds. rozwoju system\u00f3w informacyjnych<\/strong>. Ponadto pe\u0142ni obecnie r\u00f3wnie\u017c funkcje przewodnicz\u0105cego Rady Konsorcjum \u201eStandaryzacja Rozwi\u0105za\u0144 Zarz\u0105dczych dla Uczelni\u201d oraz jest cz\u0142onek Rady Dyrektor\u00f3w Mi\u0119dzyuniwersyteckiego Centrum Informatyzacji  (MUCI). Stypendysta University of Texas at Austin.<\/p>\n\n\n\n<p>\u00a0\u00a0\u00a0\u00a0\u00a0\u00a0\u00a0\u00a0\u00a0 Wyk\u0142adowca z <strong>zakresu rachunkowo\u015bci zarz\u0105dczej, rachunkowo\u015bci finansowej, rachunkowo\u015bci mi\u0119dzynarodowej (MSR\/MSSF), rachunkowo\u015bci zaawansowanej, a tak\u017ce zastosowania technik informatycznych w rachunkowo\u015bci.<\/strong> Do\u015bwiadczony <strong>konsultant i trener szkoleniowy<\/strong> wielu firm w Polsce. <\/p>\n\n\n\n<p><strong>\u00a0\u00a0\u00a0\u00a0\u00a0\u00a0\u00a0\u00a0\u00a0 Egzaminator w Komisji Egzaminacyjnej Krajowej Izby Bieg\u0142ych Rewident\u00f3w w Polsce<\/strong> \u2013 autor pyta\u0144 z przedmiotu \u201eRachunkowo\u015b\u0107 finansowa cz. II\u201d. Bieg\u0142y s\u0105dowy z zakresu rachunkowo\u015bci i podatk\u00f3w. <strong>Ekspert Komitetu Standard\u00f3w Rachunkowo\u015bci<\/strong>, dzia\u0142aj\u0105cego przy Ministerstwie Finans\u00f3w (Departament Rachunkowo\u015bci). W ramach tej dzia\u0142alno\u015bci autor projektu Krajowego Standardu Rachunkowo\u015bci nr 3 \u201cNiezako\u0144czone us\u0142ugi budowlane\u201d (2006 r), jego aktualizacji (2009 r. oraz 2018 r.) oraz projektu Krajowego Standardu Rachunkowo\u015bci nr 8 \u201eDzia\u0142alno\u015b\u0107 deweloperska\u201d (2012 r.) i jego aktualizacji (2018 r.)<\/p>\n\n\n\n<p>Od ponad dwudziestu lat zajmuje si\u0119 <strong>projektowaniem system\u00f3w wielozadaniowego rachunku koszt\u00f3w oraz system\u00f3w bud\u017cetowania dla du\u017cych i \u015brednich firm w Polsce.<\/strong> Specjalizuje si\u0119 r\u00f3wnie\u017c w obszarze dostosowywania sprawozda\u0144 finansowych do <strong>Mi\u0119dzynarodowych Standard\u00f3w Rachunkowo\u015bci i Mi\u0119dzynarodowych Standard\u00f3w Sprawozdawczo\u015bci Finansowej<\/strong> (MSR\/MSSF) oraz w obszarze <strong>powi\u0105zania regulacji podatkowych z regulacjami rachunkowo\u015bci<\/strong>. Zajmuje si\u0119 zagadnieniami finansowo-ksi\u0119gowymi i podatkowymi oraz projektuje i opiniuje systemy informatyczne wykorzystywane w podmiotach gospodarczych.<\/p>\n\n\n\n<p><strong>\u00a0\u00a0\u00a0\u00a0\u00a0\u00a0\u00a0\u00a0 W latach 2012 &#8211; 2018 zast\u0119pca Kwestora Uniwersytetu \u0141\u00f3dzkiego<\/strong>. W ramach tej funkcji odpowiedzialny by\u0142 za wdro\u017cenie projektu Kompleksowego Systemu Informacyjnego do zarz\u0105dzania U\u0141 i narz\u0119dzia do jego zastosowania \u2013 zintegrowanego systemu informatycznego SIMPLE.ERP (wdro\u017cenie zako\u0144czone w roku 2013). Od roku 2014 odpowiedzialny za nadz\u00f3r nad tworzeniem informacji zarz\u0105dczych do zarz\u0105dzania Uniwersytetem \u0141\u00f3dzkim.<\/p>\n\n\n\n<p>Od wielu lat jest doradc\u0105 i konsultantem finansowym w przedsi\u0119biorstwach polskich i mi\u0119dzynarodowych (np. Polpharma SA, Trakcja Polska \u2013 PKRE SA, PZF POLFA SA, Fabryka Przyczep Niewiad\u00f3w Sp. z o.o., Zak\u0142ady Azotowe W\u0141OC\u0141AWEK SA, Zak\u0142ady Sprz\u0119tu O\u015bwietleniowego ELGO SA, Fabryka Aparatury pomiarowej PAFAL SA, \u0141\u00f3dzki Zak\u0142ad Energetyczny \u0141ZE SA).<\/p>\n\n\n\n<p><strong>Specjalizacja:<\/strong><\/p>\n\n\n\n<ul><li>Zarz\u0105dzanie kosztami projekt\u00f3w (kontrakt\u00f3w) d\u0142ugoterminowych<\/li><li>Zarz\u0105dzanie kosztami w ochronie zdrowia<\/li><li>Zarz\u0105dzanie kosztami uczelni wy\u017cszych<\/li><li>Wykorzystania technik komputerowych w rachunkowo\u015bci, w tym w szczeg\u00f3lno\u015bci arkusza kalkulacyjnego Excel<\/li><li>Tworzenie rezerw aktuarialnych na koszty przysz\u0142ych \u015bwiadcze\u0144 pracowniczych<\/li><li>Rachunkowo\u015b\u0107 ma\u0142ych i \u015brednich przedsi\u0119biorstw<\/li><li>Podatki a rachunkowo\u015b\u0107<\/li><\/ul>\n\n\n\n<p><\/p>\n\n\n\n<p><strong>Autor lub wsp\u00f3\u0142autor kilkudziesi\u0119ciu artyku\u0142\u00f3w oraz kilkunastu ksi\u0105\u017cek z zakresu rachunkowo\u015bci, w tym mi\u0119dzy innymi:<\/strong><\/p>\n\n\n\n<ul><li>Kalinowski J. (2012), Kontrakty d\u0142ugoterminowe w praktyce, SKwP ZG, Warszawa<\/li><li>Kalinowski J. (2010),Zarz\u0105dzanie kosztami projekt\u00f3w d\u0142ugoterminowych, Wydawnictwo Biblioteka, \u0141\u00f3d\u017a.<\/li><li>Kalinowska M., Kalinowski J., Mi\u0142ek T., Turzy\u0144ski M. (red. Kalinowski J.) (2009), Uproszczone formy ewidencji podatkowych, CCAiE, \u0141\u00f3d\u017a.<\/li><li>Kalinowski J. (2007), Kompendium wiedzy o Krajowym Standardzie Rachunkowo\u015bci nr 3 \u201eNiezako\u0144czone us\u0142ugi budowlane\u201d. Analizy \u2013 komentarze \u2013 przychody, Difin, Warszawa.<\/li><li>Soba\u0144ska I., Czajor P., Kalinowski J., Michalak J. (red. Soba\u0144ska I.) (2006), Rachunkowo\u015b\u0107 w przedsi\u0119biorstwie budowlanym, Difin, Warszawa.<\/li><li>Soba\u0144ska I., Czajor P., Kalinowski J. (red. Soba\u0144ska I.) (2004), Kontrakty d\u0142ugoterminowe, Difin, Warszawa.<\/li><li>Kalinowski J., Turzy\u0144ski M. (2002), Ustawa o rachunkowo\u015bci \u2013 komentarz por\u00f3wnawczy, Dom Wydawniczy ABC, Warszawa.<\/li><\/ul>\n\n\n\n<p><\/p>\n\n\n\n<p><strong>Pozosta\u0142e publikacje:<\/strong><\/p>\n\n\n\n<ul><li>Jacek Kalinowski, Rozdzia\u0142 XI. Kontrakty d\u0142ugoterminowe, [w:] E. Wali\u0144ska (red.), Meritum Rachunkowo\u015b\u0107. Rachunkowo\u015b\u0107 i sprawozdawczo\u015b\u0107 finansowa (2016), Wolters Kluwer Polska Sp.z o.o., Warszawa 2016, s. 883-947.<\/li><li>Irena Soba\u0144ska, Jacek Kalinowski, Podej\u015bcie lean jako kierunek zmian w zarz\u0105dzaniu i rachunkowo\u015bci zarz\u0105dczej w podmiotach us\u0142ug medycznych \u2013 wyniki bada\u0144 literaturowych, \u201eZeszyty Teoretyczne Rachunkowo\u015bci\u201d, 2015, nr 85 (141), s. 103-116.<\/li><li>Jacek Kalinowski, The impact of the use of funding sources for targeted research projects on the accounting system of research institutes in Poland \u2013 the results and analysis of the survey, \u201ePRACE NAUKOWE UNIWERSYTETU EKONOMICZNEGO WE WROC\u0141AWIU\u201d, 2015, nr 412, s. 118-133.<\/li><li>Jacek Kalinowski, Kontrakty budowlane I dzia\u0142alno\u015b\u0107 deweloperska, [w:] R. Ignatowski (red.), Zaawansowana rachunkowo\u015b\u0107 finansowa Problemy i zadania , Centrum Controllingu i Analiz Ekonomicznych Sp. z. o.o, \u0141\u00f3d\u017a 2015, s. 17-63.<\/li><li>Irena Soba\u0144ska, Agnieszka Wencel, Jacek Kalinowski, Project Management in Universities \u2013 Accounting Payroll on the Example of the University of Lodz, \u201eSocial Sciences\/ Socialiniai mokslai\u201d, 2014, nr 1\/83, s. 45-54.<\/li><li>Ewa Wali\u0144ska, Ewa \u015anie\u017cek, Miko\u0142aj Turzy\u0144ski, Przemys\u0142aw Kabalski, Agnieszka Wencel, Przemys\u0142aw Czajor, Marcin Michalak, Jacek Gad, Anna Jurewicz, Maciej Frendzel, Micha\u0142 Wiatr, Jacek Kalinowski, Joanna St\u0119pie\u0144-Andrzejewska, Beata Mazuchowska, Bogus\u0142awa Bek-Gaik, Witold Bojanowski, Agnieszka Czajor, Anna Janicka, Rachunkowo\u015b\u0107. Rachunkowo\u015b\u0107 i sprawozdawczo\u015b\u0107 finansowa, Wolters Kluwers S A, Warszawa 2014.<\/li><li>Jacek Kalinowski, Uj\u0119cie i prezentacja koszt\u00f3w dzia\u0142alno\u015bci deweloperskiej \u2013 kluczowe problemy, \u201eZeszyty Teoretyczne Rachunkowo\u015bci\u201d, 2014, nr 136\/80, s. 153-172.<\/li><li>Irena Soba\u0144ska, Jacek Kalinowski, Cost Management in European Universities \u2013 a Time to Change, \u201eSocial Sciences\/ Socialiniai mokslai\u201d, 2013, nr 4\/82, s. 84-93.<\/li><li>Jacek Kalinowski, Kontrakty d\u0142ugoterminowe w praktyce, SKwP ZG , Warszawa 2012.<\/li><li>Jacek Kalinowski, Dywersyfikacja przychod\u00f3w i jej wp\u0142yw na zarz\u0105dzanie kosztami w europejskich uczelniach wy\u017cszych, [w:] L. Dziawgo (red.), Rachunkowo\u015b\u0107. Dylematy praktyki gospodarczej, Wydawnictwo Naukowe Uniwersytetu Miko\u0142aja Kopernika, Toru\u0144 2012, s. 247-268.<\/li><li>Jacek Kalinowski, Rozdzia\u0142 XI. Kontrakty d\u0142ugoterminowe, [w:] E. Wali\u0144ska (red.), Rachunkowo\u015b\u0107. Rachunkowo\u015b\u0107 i sprawozdawczo\u015b\u0107 finansowa (2012), Wolters Kluwer Polska Sp. z o.o., Warszawa 2012, s. 851-918.<\/li><li>Jacek Kalinowski, Irena Soba\u0144ska, Rachunek koszt\u00f3w w uniwersytetach publicznych. Problemy metodologiczne i proces aplikacji w szko\u0142ach wy\u017cszych w krajach UE, [w:] I. Soba\u0144ska, P. Kabalski (red.), Wsp\u00f3\u0142czesne nurty badawcze w Rachunkowo\u015bci, Uniwersytetu \u0141\u00f3dzkiego, \u0141\u00f3d\u017a 2012, s. 357-375.<\/li><li>Jacek Kalinowski, Por\u00f3wnywalno\u015b\u0107 sprawozda\u0144 finansowych firm deweloperskich na tle krajowych i mi\u0119dzynarodowych regulacji rachunkowo\u015bci, \u201eZeszyty Teoretyczne Rachunkowo\u015bci\u201d, 2011, vol. 1, nr 60 (116), s. 145-168.<\/li><li>Jacek Kalinowski, Nowy rozdzia\u0142, [w:] H. Sobolewski (red.), Sprawozdawczo\u015b\u0107 i rewizja finansowa. Kierunki zmian, Wydawnictwo Uniwersytetu Ekonomicznego w Krakowie, Krak\u00f3w 2011, s. 177-193.<\/li><li>Ewa Wali\u0144ska, Marcin Michalak, Agnieszka Wencel, Przemys\u0142aw Czajor, Micha\u0142 Wiatr, Miko\u0142aj Turzy\u0144ski, Gabriela Idzikowska, Jacek Kalinowski, Jacek Gad, Anna Jurewicz, in\u017c. Bek-Gaik, Agnieszka Czajor, Witold Bojanowski, Anna Wali\u0144ska, Anna Janicka, hab. Maria\u0144ski, Iga Kuczy\u0144ska, Ustawa o rachunkowo\u015bci. Komentarz (2011), Wolters Kluwer Polska Sp. z o.o., Warszawa 2011.<\/li><li>Jacek Kalinowski, Wybrane problemy prezentacji czynnik\u00f3w dzia\u0142alno\u015bci , \u201ePRACE I MATERIA\u0141Y WYDZIA\u0141U ZARZ\u0104DZANIA UNIWERSYTETU GDA\u0143SKIEGO\u201d, 2011, nr 2, s. 103-112.<\/li><li>Jacek Kalinowski, Wycena licencji wolnego i otwartego oprogramowania (GNU GPL) na przyk\u0142adzie systemu operacyjnego Linux, \u201eActa Universitatis Lodziensis Folia Oeconomica\u201d, 2011, vol. 3, nr 261, s. 237-246.<\/li><li>Jacek Kalinowski, Project management and presentation of information in financial statements \u2013 company performance measurement or project performance measurement, \u201eCOMPARATIVE ECONOMIC RESEARCH. CENTRAL AND EASTERN EUROPE\u201d, 2010, vol. 13, nr 3, s. 17-32.<\/li><li>Jacek Kalinowski, Rozdzia\u0142 XI. Kontrakty d\u0142ugoterminowe, [w:] E. Wali\u0144ska (red.), Rachunkowo\u015b\u0107. Rachunkowo\u015b\u0107 i sprawozdawczo\u015b\u0107 finansowa (2010), Oficyna Wolter Kluwer Business, Warszawa 2010, s. 845-953.<\/li><li>Jacek Kalinowski, Zmiany do Krajowego Standardu Rachunkowo\u015bci nr 3; Niezako\u0144czone us\u0142ugi budowlane; jako jedna z odpowiedzi regulacji rachunkowo\u015bci na kryzys gospodarczy, [w:] I. Soba\u0144ska, P. Kabalski (red.), System rachunkowo\u015bci w okresie kryzysu gospodarczego., Uniwersytet \u0141\u00f3dzki, \u0141\u00f3d\u017a 2010, s. 99-120.<\/li><li>Jacek Kalinowski, Zarz\u0105dzanie kosztami projekt\u00f3w d\u0142ugoterminowych, Biblioteka, \u0141\u00f3d\u017a 2010.<\/li><li>Jacek Kalinowski, Rozdzia\u0142 XII. Kontrakty d\u0142ugoterminowe, [w:] E. Wali\u0144ska (red.), Rachunkowo\u015b\u0107. Rachunkowo\u015b\u0107 i sprawozdawczo\u015b\u0107 finansowa (2009), Wolters Kluwer, Warszawa 2009, s. 965-1032.<\/li><li>Jacek Kalinowski, Dokumentacja przychod\u00f3w ze sprzeda\u017cy, [w:] J. Kalinowski (red.), Uproszczone formy ewidencji podatkowych, CCAiE, \u0141\u00f3d\u017a 2009, s. 208-240.<\/li><li>Jacek Kalinowski, Podejmowanie dzia\u0142alno\u015bci gospodarczej przez osoby fizyczne, [w:] J. Kalinowski (red.), Uproszczone formy ewidencji podatkowych, CCAiE, \u0141\u00f3d\u017a 2009, s. 14-36.<\/li><li>Jacek Kalinowski, Wzory wybranych dowod\u00f3w ksi\u0119gowych , [w:] J. Kalinowski (red.), Uproszczone formy ewidencji podatkowych, CCAiE, \u0141\u00f3d\u017a 2009, s. 37-43.<\/li><li>Ewa Wali\u0144ska, Marcin Michalak, Agnieszka Wencel, Przemys\u0142aw Czajor, Micha\u0142 Wiatr, Miko\u0142aj Turzy\u0144ski, Gabriela Idzikowska, Jacek Kalinowski, Jacek Gad, hab. Maria\u0144ski, Iga Kuczy\u0144ska, Agnieszka Czajor, Anna Wali\u0144ska, Witold Bojanowski, Anna Jurewicz, Anna Janicka, Ustawa o rachunkowo\u015bci. Komentarz (2009), Wolters Kluwer Polska, Warszawa 2009.<\/li><li>Jacek Kalinowski, Rozdzia\u0142 XII. Kontrakty d\u0142ugoterminowe, [w:] E. Wali\u0144ska (red.), Rachunkowo\u015b\u0107. Rachunkowo\u015b\u0107 i sprawozdawczo\u015b\u0107 finansowa (2008), Wolters Kluwer, Warszawa 2008, s. 935-1000.<\/li><li>Jacek Kalinowski, Rozdzia\u0142 XII. Kontrakty d\u0142ugoterminowe, [w:] E. Wali\u0144ska (red.), Rachunkowo\u015b\u0107. Rachunkowo\u015b\u0107 i sprawozdawczo\u015b\u0107 finansowa (2008), Wolters Kluwer, Warszawa 2008, s. 935-1000.<\/li><li>Jacek Kalinowski, Ocena tradycyjnych system\u00f3w rachunku koszt\u00f3w z punktu widzenia potrzeb informatycznych procesu zarz\u0105dzania kosztami projekt\u00f3w d\u0142ugoterminowych, [w:] E. \u015anie\u017cek (red.), System rachunkowo\u015bci w nurcie wyzwa\u0144 XXI wieku, ODDK Gda\u0144sk, 2008, s. 191-200.<\/li><li>Jacek Kalinowski, Wybrane dylematy prezentacji wyniku dzia\u0142alno\u015bci firm realizuj\u0105cych projekty d\u0142ugoterminowe \u2013 artyku\u0142 dyskusyjny., \u201eZeszyty Teoretyczne Rachunkowo\u015bci\u201d, 2008, nr 42, s. 253-230.<\/li><\/ul>\n","protected":false},"excerpt":{"rendered":"<p>dr Jacek Kalinowski Adiunkt w Katedrze Rachunkowo\u015bci Wydzia\u0142u Zarz\u0105dzania Uniwersytetu \u0141\u00f3dzkiego oraz Pe\u0142nomocnik Rektora U\u0141 ds. rozwoju system\u00f3w informacyjnych. Ponadto pe\u0142ni obecnie r\u00f3wnie\u017c funkcje przewodnicz\u0105cego Rady Konsorcjum \u201eStandaryzacja Rozwi\u0105za\u0144 Zarz\u0105dczych dla Uczelni\u201d oraz jest cz\u0142onek Rady Dyrektor\u00f3w Mi\u0119dzyuniwersyteckiego Centrum Informatyzacji (MUCI). Stypendysta University of Texas at Austin. \u00a0\u00a0\u00a0\u00a0\u00a0\u00a0\u00a0\u00a0\u00a0 Wyk\u0142adowca z zakresu rachunkowo\u015bci zarz\u0105dczej, rachunkowo\u015bci finansowej, rachunkowo\u015bci mi\u0119dzynarodowej (MSR\/MSSF), rachunkowo\u015bci zaawansowanej, a tak\u017ce zastosowania technik informatycznych w rachunkowo\u015bci. Do\u015bwiadczony konsultant i trener szkoleniowy wielu firm w Polsce. \u00a0\u00a0\u00a0\u00a0\u00a0\u00a0\u00a0\u00a0\u00a0 Egzaminator w Komisji Egzaminacyjnej Krajowej Izby Bieg\u0142ych Rewident\u00f3w w Polsce \u2013 autor pyta\u0144 z przedmiotu \u201eRachunkowo\u015b\u0107 finansowa cz. II\u201d. Bieg\u0142y s\u0105dowy z zakresu rachunkowo\u015bci i podatk\u00f3w. Ekspert Komitetu Standard\u00f3w Rachunkowo\u015bci, dzia\u0142aj\u0105cego przy Ministerstwie Finans\u00f3w (Departament Rachunkowo\u015bci). W ramach tej dzia\u0142alno\u015bci autor projektu Krajowego Standardu Rachunkowo\u015bci nr 3 \u201cNiezako\u0144czone us\u0142ugi budowlane\u201d (2006 r), jego aktualizacji (2009 r. oraz 2018 r.) oraz projektu Krajowego Standardu Rachunkowo\u015bci nr 8 \u201eDzia\u0142alno\u015b\u0107 deweloperska\u201d (2012 r.) i jego aktualizacji(&#8230;)<\/p>\n","protected":false},"author":1,"featured_media":47,"parent":9,"menu_order":0,"comment_status":"closed","ping_status":"closed","template":"","meta":[],"_links":{"self":[{"href":"https:\/\/www.finansus.pl\/finansus-dev\/wp-json\/wp\/v2\/pages\/39"}],"collection":[{"href":"https:\/\/www.finansus.pl\/finansus-dev\/wp-json\/wp\/v2\/pages"}],"about":[{"href":"https:\/\/www.finansus.pl\/finansus-dev\/wp-json\/wp\/v2\/types\/page"}],"author":[{"embeddable":true,"href":"https:\/\/www.finansus.pl\/finansus-dev\/wp-json\/wp\/v2\/users\/1"}],"replies":[{"embeddable":true,"href":"https:\/\/www.finansus.pl\/finansus-dev\/wp-json\/wp\/v2\/comments?post=39"}],"version-history":[{"count":7,"href":"https:\/\/www.finansus.pl\/finansus-dev\/wp-json\/wp\/v2\/pages\/39\/revisions"}],"predecessor-version":[{"id":141,"href":"https:\/\/www.finansus.pl\/finansus-dev\/wp-json\/wp\/v2\/pages\/39\/revisions\/141"}],"up":[{"embeddable":true,"href":"https:\/\/www.finansus.pl\/finansus-dev\/wp-json\/wp\/v2\/pages\/9"}],"wp:featuredmedia":[{"embeddable":true,"href":"https:\/\/www.finansus.pl\/finansus-dev\/wp-json\/wp\/v2\/media\/47"}],"wp:attachment":[{"href":"https:\/\/www.finansus.pl\/finansus-dev\/wp-json\/wp\/v2\/media?parent=39"}],"curies":[{"name":"wp","href":"https:\/\/api.w.org\/{rel}","templated":true}]}}